= -1. Let g(m) = f(m) + 6*h(m). Let x = 7990 - 7866. What is the remainder when x is divided by g(1)?
16
What is the remainder when -1 + 24/(-64) + (-2700)/(-32) is divided by 10?
3
Suppose -4*y - 783 = -7*y. Suppose y - 57 = 6*f. What is the remainder when 146 is divided by f?
10
Let c = 4611 + -4536. Let r be (2/(-4))/(2/(-28)). Suppose 74*v + r = c*v. Calculate the remainder when 8 is divided by v.
1
Let n(v) = -v**3 + 35*v**2 - 70*v + 413. What is the remainder when 300 is divided by n(33)?
19
Suppose -4*t + 0*t + 380 = 0. Let g = 8 - 5. Suppose -34 = -4*d + g*v - 1, 39 = 2*d + 3*v. Calculate the remainder when t is divided by d.
11
Suppose 0*g = -155*g + 1553 + 3872. Let j(h) = 2*h**3 - 6*h**2 - 8*h + 2. What is the remainder when j(6) is divided by g?
30
Let x(y) = -y**3 - 5*y**2 - 13*y - 31. Let p(d) = 816*d**2 - 10*d. Calculate the remainder when p(-1) is divided by x(-6).
79
Let c = -635 - -917. Suppose 4*f = 2*t - 860, 0 = -5*f + t + c - 1357. What is the remainder when (-9)/(-6) + f/(-10) is divided by 12?
11
What is the remainder when (-3 + 30/14)*(-3885)/30 is divided by 21?
6
Let l(h) = h**3 - 3*h**2 + 5*h - 7. Suppose 20*v = 13*v + 28. What is the remainder when 58 is divided by l(v)?
0
Let n(r) be the third derivative of -r**6/120 - r**5/6 + r**4/2 + 7*r**3/2 + r**2 - 108. Calculate the remainder when 56 is divided by n(-11).
6
Let j = 60 - 89. Let w(i) = 6*i**2 + i + 12. What is the remainder when w(-4) is divided by 0 + 1 - ((4 - 10) + j)?
32
Let o(a) = -a**3 - 6*a**2 - 7*a - 7. Let k be o(-5). Suppose k*v + 5*f = f + 4, v = -2*f. What is the remainder when 35 is divided by ((-2)/6)/(v*4/(-576))?
11
Suppose -4*j + 3 + 53 = 4*c, 3*j + 5*c - 32 = 0. Let y = 77 - 16. What is the remainder when y is divided by j?
4
Suppose 0 = -8*c + a + 193 + 4363, 1718 = 3*c + 2*a. What is the remainder when c is divided by 62?
12
Suppose 28 = 5*c - 42. Let y be 7/c + (-342)/(-4). Suppose 93 - y = g. Calculate the remainder when 68 is divided by g.
5
What is the remainder when 215 is divided by 168*21/33 + 3*2/66?
1
Suppose -37*d - 198928 = -627758. What is the remainder when d is divided by 184?
182
Let i = 54 - 48. Suppose 0 = -i*q + 46 + 62. Suppose q*b - 454 = 266. Calculate the remainder when b is divided by 24.
16
Suppose 874 = 7*i + 6*i + 10*i. What is the remainder when 96 is divided by i?
20
Let m(t) = 13231*t + 593. Calculate the remainder when m(3) is divided by 13.
12
Let i = -29 - -21. Let q = i - -28. What is the remainder when 22 - (q/11 + (-6)/(-33)) is divided by 7?
6
Suppose -3*c - 2848 + 15885 = 4*h, -3*h + 4*c = -9809. What is the remainder when h is divided by 32?
31
Suppose 641*z = 644*z - 5*a - 1187, -3*z - a + 1199 = 0. Calculate the remainder when z is divided by 30.
9
Let h(n) = 2*n**3 + 6*n**2 + 6*n + 70. Let x be h(-8). Let z = x + 681. Calculate the remainder when z is divided by 10.
3
Let s = 2722 + -1789. Calculate the remainder when s is divided by 224.
37
Suppose 11*a + 105 = 46*a. Suppose b = -5*p - 2*b + 101, 5*b - 67 = -a*p. Calculate the remainder when p is divided by 7.
5
Let m be -5 + 3 - (-8)/(40/25). What is the remainder when (-6 + m + (-6)/30)*-35 is divided by 23?
20
Calculate the remainder when 200/(-250) - ((-13018)/(-10))/(-1) is divided by 16.
5
Let l = 400 + -392. Suppose -9*s + 14*s + 465 = 5*q, 0 = -2*s + l. Calculate the remainder when q is divided by 5.
2
Suppose 0 = -5*q + 6*q - 2*s - 208, -5*s + 767 = 4*q. Suppose -392 = q*r - 202*r. What is the remainder when r is divided by 50?
48
Suppose s = -2*t + 74, -3*s = 4*t - 222 - 2. Calculate the remainder when 50/75 + (-13)/15 + (-19227)/(-85) is divided by s.
74
Let d = 330 - -34. What is the remainder when d is divided by 98?
70
Let k = -303 - -296. Calculate the remainder when 56 is divided by (k/3 + -2)*-3.
4
Let k(x) = -x**3 - 39*x**2 + 40*x + 73. Calculate the remainder when 1402 is divided by k(-40).
15
Let q(i) = 3*i - 11. Let z = 81 - 61. Calculate the remainder when q(z) is divided by 26.
23
Suppose x - 86 = -2*y, -4*y + 7*x = 10*x - 172. Suppose 5*a - 71 = -v, -5*a - 5*v + 12 = -y. Calculate the remainder when 63 is divided by a.
3
Let s = 1483 + 201. Calculate the remainder when s is divided by 832.
20
Suppose -35 = -7*w + 2*w. Suppose -b + w*o - 6*o = -427, 3*o = -4*b + 1680. What is the remainder when b is divided by 71?
68
Let s(n) = -3*n**2 - 118*n + 654. What is the remainder when s(-44) is divided by (-418)/(-99) + (-4)/18?
2
Suppose 2*u - 482 = -4*x, 0*x - 5*x + 726 = 3*u. Let f = 287 - u. What is the remainder when 148 is divided by f?
28
Suppose 4*u - 100 = -3*p, 10*p = 5*p. Let t(o) = -o**2 - 7*o + 18. Let q be t(-9). Suppose q*j = j - 10. Calculate the remainder when u is divided by j.
5
Calculate the remainder when (143/(-429))/(2*2/(-42492)) is divided by 46.
45
Let p(d) = 22*d**2 + 326*d + 3554. Calculate the remainder when p(-11) is divided by 28.
26
Suppose -1348*h - 1560 = -1413*h. What is the remainder when 394 is divided by h?
10
Suppose 3*j = 3*v + 9, 1 = j + 2*v - 2. Suppose -z - j*n + 11 = 0, -2*z + 24 + 13 = 3*n. Let r = -281 + 460. What is the remainder when r is divided by z?
23
Let a = -66 - -223. Calculate the remainder when a is divided by 53 - (-1)/1*(2 + -2).
51
Suppose -z + 2*q = -145, 5*z + 2*q - 717 = 4*q. Let w = z + -96. Suppose 11 - 6 = o. Calculate the remainder when w is divided by o.
2
Let y(p) = 4*p - 6*p**2 + 0 - 8 - p**3 + 1. Suppose 0 = -271*c + 2252 + 4794. What is the remainder when c is divided by y(-7)?
12
Suppose 0 = 51*b - 46*b - 3995. Let u = 833 - b. Let m(v) = -99*v**3 + v. What is the remainder when m(-1) is divided by u?
30
Suppose 26 + 82 = -3*c. Let k be ((-1746)/c)/((-2)/(-4)). What is the remainder when k/3 - 26/(-39) is divided by 13?
7
Suppose -153 - 137 = -5*i. Suppose -5*q - 3*j = 5, j + 10 = -j. Suppose -q*d + h + 6 = -13, 5*d + h - i = 0. Calculate the remainder when 30 is divided by d.
8
Let i(p) = 4*p**2 - 11*p - 8. Let v be i(7). Let z = 55 - v. Let s = z - -169. What is the remainder when s is divided by 19?
18
Let j = -54 + 455. What is the remainder when j is divided by 37?
31
Suppose 4*l = 56 + 64. Suppose 0 = -4*k - 91 + 191. Suppose -l = -5*p + 5*c + k, p = -c + 11. What is the remainder when 31 is divided by p?
9
Suppose 13818 = 5*d + 5*b - 10657, 2*d = -3*b + 9792. Calculate the remainder when d is divided by 17.
14
What is the remainder when -112*((7 - 11) + 2) + -7 is divided by 103?
11
Suppose -12*f - 2893 - 2879 = 0. Let k = f + 518. What is the remainder when 180 is divided by k?
32
Let j = -4 - -2. Let t(w) be the second derivative of -w**3 + 2*w**2 - 1051*w. What is the remainder when 47 is divided by t(j)?
15
What is the remainder when 1/12 - 118235/(-1020) is divided by 20?
16
Let z = -112 + 428. Suppose w - 746 = -4*m, m + 132 = w + z. Calculate the remainder when m is divided by 63.
60
Suppose -4*i + 239*s = 237*s - 310, 5*i - s = 395. Suppose 4*t - 85 = -t. Calculate the remainder when i is divided by t.
12
Let w = -607 + 638. Calculate the remainder when 77 is divided by w.
15
Let z = -15202 - -15286. Calculate the remainder when z is divided by 14.
0
Let i = -127 + 60. Let w = -81 - i. Let m(j) = -3*j - 15. What is the remainder when m(w) is divided by 7?
6
Suppose -846464 = -123*c + 1384879. What is the remainder when c is divided by 56?
53
Suppose 0 = -18*t + 22*t - 2864. Let b = 1081 - t. Suppose -2*p = 5*l - b + 109, 4*p = 3*l + 460. Calculate the remainder when p is divided by 24.
22
Let f = -20 + 22. Suppose -f*o - 2*s - 87 = -5*s, 5*o + 2*s + 170 = 0. Let p = 41 + o. What is the remainder when 15 is divided by p?
0
Suppose 14*d = 9*d + 2*p + 7025, 3*p = -4*d + 5643. Calculate the remainder when d is divided by 15.
12
Let l = -43 - -46. Suppose -2*u + z = -0*z - 4, -z - 8 = -l*u. Suppose -9*p = -u*p - 25. Calculate the remainder when 11 is divided by p.
1
Let l(v) = v**3 - 8*v**2 + 19*v - 13. Calculate the remainder when 114 is divided by l(5).
2
Suppose -3*y - 2*d = -3*d - 1358, d = 4. Suppose -15*u + 19*u = -3*g + 81, 2*g - 46 = -4*u. What is the remainder when y is divided by g?
34
Let t = 3307 - 2591. Calculate the remainder when t is divided by 72.
68
Let w = 48 + -23. Calculate the remainder when -8 - -144 - (6 - -9 - 17) is divi